/(-2)). Suppose 3*p = -3*u + 75, -5*p + 3*p + 30 = u. Suppose d + l = u. Let a(o) = -o**3 + 6*o**2 + 7*o + 9. Give a(d).
9
Let t = -9588 + 9580. Let r(z) = 9*z + 17. Determine r(t).
-55
Let d(j) = -j**2 + 10*j + 6. Let b(i) = -10*i - 5. Let v(w) = 4*b(w) + 5*d(w). Let z(q) = -9*q**2 + 20*q + 19. Let o(h) = -7*v(h) + 4*z(h). Calculate o(10).
6
Let p = -18035 - -18038. Suppose 3*z - 10 = -2*z. Let y(k) = z + k - p + 2 - 7. Determine y(6).
0
Let k be ((-5)/15)/((-4)/72) + 3. Let d(w) = 8 + 0*w + 14 - k - w. Determine d(4).
9
Let l(m) = m + 5 - 4 + 10 - 3*m. Let r(t) = t - 11. Let y(g) = 3*l(g) + 4*r(g). Determine y(-9).
7
Let d(b) = 18*b + 26*b**2 - 17*b + 6*b**2 + 14*b**2 + 2*b - 2. Determine d(1).
47
Let n(u) = -2*u**2 + 29*u + 7. Let l be n(14). Suppose l*v - 6 = 15*v. Let m be (0/(-4*(-4)/16))/v. Let r(f) = -f**3 + f**2 - 11. Calculate r(m).
-11
Let w(n) = -259*n**2 - 46*n - 189. Let s(r) = 115*r**2 + 24*r + 94. Let i(d) = 9*s(d) + 4*w(d). Determine i(35).
-15
Suppose -3*m + 5*y + 40 = 2*m, 5*m + 3*y = 0. Suppose 5*o = m*o. Let l(d) be the second derivative of -d**5/20 - d**4/12 - d**3/6 + d**2 - 58*d. Give l(o).
2
Let p(x) = 42*x**2 - 2*x - 1. Let i be (-22)/20 - (-321)/3210. What is p(i)?
43
Let q be 11/(33/(-12)) + 2. Let v(h) = -h**2 - h - 1. Let r(c) = 5*c**2 + 6*c + 4. Suppose -3*d + 2 = -5*d. Let k(s) = d*r(s) - 4*v(s). Give k(q).
0
Let h(g) = 2*g**3 - 101*g**2 + 53*g - 162. Let j be h(50). Let p(v) be the first derivative of -v**3/3 - 6*v**2 - 2*v - 2. Calculate p(j).
-2
Let r = 6 - 12. Let f(w) = -7 + 3902*w**3 - 7812*w**3 - 2*w + 3911*w**3 + 5*w**2. Give f(r).
-31
Let o be ((-8 - -4)/4)/(-1). Let c(d) = -2 + o - 5 + 0 - 3*d. Suppose -1 = -j - 5. Determine c(j).
6
Suppose 5*i = -4*f + 4*i + 351, 4*f - i = 353. Let u = 133 + -51. Let h = u - f. Let o(z) = -2*z - 9. Calculate o(h).
3
Let u(j) = -1 - 13*j**3 - j + j. Let d = 87031 - 87032. What is u(d)?
12
Suppose 4*s - 15 + 3 = 0. Suppose 3*m - 6 = -2*w, -22 + 1 = -w + 3*m. Let y(i) = 16 + w + 7 + 4*i - 36. Give y(s).
8
Suppose -18*b = -34 - 20. Let q(t) = 4*t + 17*t**2 + t**3 - 6 + 16*t**2 + 10*t**2 - 38*t**2 - b*t. What is q(-5)?
-11
Let d(v) = v + 19. Suppose -107*x + 1146 - 2644 = 0. Determine d(x).
5
Let w(l) = 118*l - 704 - 27*l + 39*l - 51*l. What is w(9)?
7
Let o = 6376 - 6392. Let f(h) = h**3 + 17*h**2 + 18*h + 38. What is f(o)?
6
Let l(k) = -4*k - 5. Suppose -3*u + 13*y - 8*y = 19, -2 = 4*u - 2*y. What is l(u)?
-13
Let k(o) = 1 + o - 15 + 6*o. Let v(b) = -b + 1. Suppose -5*c = 4*g - 29, 0 = -4*g + 2*c + 3*c - 21. Let q(i) = g*k(i) + 6*v(i). Calculate q(6).
-2
Let s(v) = -7*v**3 + 2*v**2 + 9*v - 8. Let r = -554 - -558. Let b(d) = -3*d**3 + 2*d**2 + 5*d - 4. Let z(w) = r*s(w) - 9*b(w). Give z(-9).
4
Let i be ((-5882)/(-85))/((-4)/(-10)). Suppose 0 = -i*m + 170*m + 12. Let u(q) = -q**3 + 6*q**2 - 4*q - 3. Determine u(m).
13
Let v(i) = -4213*i - i**2 + 8 + 4208*i + 6*i**2 - i**3. Determine v(6).
-58
Let h(c) be the third derivative of c**6/240 - c**5/15 - c**4/24 - c**3/3 - 2*c**2 + 29*c. Let f(g) be the second derivative of h(g). Give f(5).
7
Let c(z) = z**2 + 4*z + 1. Suppose 4*l + 3*h = -36, -2*l + 9*h - 13*h - 28 = 0. What is c(l)?
13
Let h(i) = -3*i**2 - 6*i - 11*i + 1006 - 2*i**2 - 1022 + 3*i**2. Calculate h(-9).
-25
Suppose 4*i = 15*k - 57 + 12, 2*k + 5*i = 6. Let o(y) = 4*y**2 - 3*y - 2. Calculate o(k).
25
Let v(b) = 35 + 11*b**2 + 0*b**2 - 5*b + 3*b - 33 - b. Calculate v(2).
40
Let n be (-2 + 33/(0 + 3))/3. Let y be 1 + n + -16 + 35/7. Let j(z) = -z - 3 + 0*z + 0*z. Give j(y).
4
Let o(s) = 2*s**2 + s. Let n be (-6 - (-45)/6)/((-3)/6). Let v(y) = 7*y**2 + 8*y. Let z(p) = n*o(p) + v(p). Determine z(-6).
6
Let o(c) = 17*c - 18. Suppose -48 = -1471*l + 1455*l. Determine o(l).
33
Suppose 53*y - 68*y + 285 = 0. Let g(m) = -m**3 + 17*m**2 + 39*m - 30. Calculate g(y).
-11
Let s(l) = -38*l + 1757. Let q be s(46). Let r(a) = a**2 - a - 48. Determine r(q).
24
Suppose -16*s + 25*s + 12 = 12*s. Let p(w) = 13*w - 2 - 1 - 8*w. What is p(s)?
17
Let u(f) = 4*f**2 - f - 3. Suppose 6 = -2*o - 4*n, -n = -2*o + n. Calculate u(o).
2
Let z(f) = -8*f**3 - 21*f**2 - 76*f + 215. Let w(c) = -2*c**3 - 7*c**2 - 25*c + 72. Let t(a) = 7*w(a) - 2*z(a). Calculate t(4).
-2
Let c(b) = 26*b + 2 + 2*b**2 - 2 - b**3 - 22*b. Let u(o) be the third derivative of o**5/60 + o**4/6 + o**3/2 + 17*o**2. Let k be u(-4). Determine c(k).
3
Suppose 3*a - 12 = -5*k + 7*k, 0 = 3*a - 4*k - 24. Let s(b) = 2*b - 10. Let p(x) = -3*x + 11. Let i(j) = 3*p(j) + 4*s(j). Calculate i(a).
-7
Let u(z) = 309*z + 11. Let k(s) = -1290*s - 45. Let f(y) = 5*k(y) + 21*u(y). Determine f(-1).
-33
Let p(q) = 9*q**3 + 44*q**2 - 26*q + 49. Let l(f) = 4*f**3 + 18*f**2 - 13*f + 24. Let o(b) = -7*l(b) + 3*p(b). What is o(7)?
21
Let m(f) = 5*f**2 + 4*f + 12. Let r(x) = -23*x**2 - 16*x - 48. Let l(t) = 9*m(t) + 2*r(t). What is l(9)?
-33
Let n(v) = 393 - 12*v + 9*v - 1251 + 16*v + 30*v. Calculate n(20).
2
Let c(a) be the third derivative of 6*a - 1/24*a**4 + 1/2*a**3 + 0 + 6*a**2. Let q(z) = -z - 3. Let h be q(-3). Give c(h).
3
Let a be (-38)/4 + (-1)/(-2). Let h(f) = 262*f + 265*f - 9 + 258*f + 265*f - f**2 - 1059*f. Determine h(a).
-9
Suppose -3*s = 8*x - 4*x + 7, 0 = -4*x + s + 13. Let n(c) = 328 - c**x + 6*c**3 - 328. Calculate n(1).
5
Let u(l) = 7*l - 2*l**2 - 2 - 1 + l**2. Suppose q = 2*r - 197, q - 3*r = -7*r - 221. Let k = q + 212. Calculate u(k).
-3
Let r(t) = 15*t + 65. Let u = 173 - 178. Let h be r(u). Let y(m) = -m - 4. Determine y(h).
6
Let v(r) be the third derivative of r**7/2520 - r**6/144 - r**5/40 + r**4/24 + 2*r**3/3 + 229*r**2. Let o(c) be the second derivative of v(c). Determine o(8).
21
Suppose 42*r = -2810 + 10748. Suppose -26*h + 97 = -r. Let n(u) = -u**2 + 12*u + 11. Give n(h).
22
Suppose -51 + 75 = -12*r. Let l(w) be the third derivative of 11*w**4/24 + w**3/2 - 8*w**2. Calculate l(r).
-19
Let b(p) be the first derivative of -p**3/3 - p**2 - 3*p + 4760. Let z be 1 - 2*(-1 + 0). Suppose 0 = -z*i - 3*n - 18, 7*n = -5*i + 4*n - 24. Give b(i).
-6
Let t(i) = -i**2 + 10*i - 5. Suppose o + 2*o = -4*a + 1, -3*o + 11 = -a. Suppose 25 = 2*w + h, 3*w - 55 = -w - o*h. Give t(w).
-5
Let b(d) = -d**3 + 9*d**2 + 3*d - 10. Let r be 6/2 + 30/(-120)*-24. Calculate b(r).
17
Let d(x) = 2*x**3 + 6*x**2 + 6*x + 14. Let l(b) = 3*b**3 + 12*b**2 + 12*b + 27. Let j(u) = -5*d(u) + 3*l(u). Determine j(7).
4
Let o(t) be the second derivative of -t**4/6 - 5*t**3/2 - 17*t**2/2 - 4230*t. Determine o(-6).
1
Let a(m) = 8*m - 9. Let s(n) = 2*n - 2. Let g(w) = -4*a(w) + 20*s(w). Let f(p) = -215*p + 110. Let h(o) = 4*f(o) + 110*g(o). Determine h(2).
40
Let m = -28 - -35. Let z(b) = -m*b + 1 - 10*b**2 + 11*b**2 - 4. Let w be (1 - (-9)/(-15))*15. Calculate z(w).
-9
Suppose 3*t + 436 = -3*x + 427, -5*t = -5. Let u(j) = 9*j + 48. Determine u(x).
12
Let z(l) = l**2 + l + 2. Suppose 9 = -6*a + 27. Suppose -4*b + 4 = -a*b. Suppose -b*o + 5*y = -10, 2*o + o - 4*y - 8 = 0. What is z(o)?
2
Let t be ((-64)/(-160))/((-2)/60). Let x(u) = -u - 24. Determine x(t).
-12
Suppose 11*q = -231 + 341. Let f(r) = 6 + 237*r - 118*r + r**2 - 133*r. Determine f(q).
-34
Let p(f) = -f**2 - 3*f. Let s(q) = -5*q**2 - 12*q + 4. Suppose -18*c - 61 = -79. Let l(a) = c*s(a) - 6*p(a). What is l(-3)?
-5
Let i(z) = z**3 + 13*z**2 + 37*z + 3. Let p be 7/((-35)/55) - (-30)/15. What is i(p)?
-6
Let c = -38 - -41. Let y(r) = -9*r - 3*r + 13*r + 1 + r**c. Let b(n) = 2*n**3 - 4*n**2 + 10*n + 10. Let d(u) = -b(u) + 3*y(u). Calculate d(-5).
3
Let g(l) = l**3 - 8*l**2 - 2*l + 12. Let u(c) = -159 + 4*c - c**2 + 171 + 2*c**2. Let w be u(-2). Give g(w).
-4
Let n(o) = -1289*o + 39 - 47 + 1287*o. Let s be 2 + (1/2)/(3/30). Give n(s).
-22
Suppose -5*z = -4*z - i - 358, -4*i - 364 = -z. Let r = 364 - z. Let q(x) = x**2 + 8 + 0*x**2 + 0 - 9*x. What is q(r)?
0
Let j = -12180 - -12179. Let g(p) = -5*p - 11*p**3 + 3*p + p. What is g(j)?
12
Let a(j) = 3*j - 1 - 6*j + 2*j**2 + 5*j + 2*j**2 - 2*j**3 + 5*j**2. Determine a(4).
23
Let w(h) be the second derivative of -h**3 + h**2/2 + h + 76. Suppose y - 3*y + 8 = 0. Let p be (-4)/(-16) - (-11)/y. Calculate w(p).
-17
Let t(u) = -4*u + 2. Let y(p) = -p**2 - 11*p - 26. Let q be y(-5). Suppose 4*i - q = -5*b, 2*b - 6 + 1 = -5*i. Let d be i/(-5) + 20*(-4)/(-25). What is t(